- 9 = -3*n. Suppose n = m, 0 = 4*v - 5*m + 17. Let d(f) = 3*f + 0*f**2 - 2*f - 1 - 2*f**2. Calculate d(v).
-7
Suppose 0 = 99*v - 89*v - 50. Let o(s) = -3*s + 8. Determine o(v).
-7
Let z(q) be the first derivative of q**4/4 - 3*q**2 + 2*q - 754. Determine z(4).
42
Let g be (0 - 1)*(-6 - -22). Let t be (g/(-6))/(3/(-9)). Let n(b) be the third derivative of -b**4/24 - b**3 + 5*b**2 - 7. Determine n(t).
2
Let f(r) be the second derivative of -r**3/6 - 6*r**2 + 12*r + 12. Calculate f(0).
-12
Let q = 787/1558 + -4/779. Let h(a) be the first derivative of -2 - 1/4*a**4 - 2*a + 0*a**3 + q*a**2. Determine h(-2).
4
Let z(p) be the second derivative of p**5/20 + 5*p**4/6 - 13*p**3/6 - 8*p**2 - 12*p + 14. Let h be (-4)/6 + (-31)/3. Determine z(h).
6
Let g(a) = -8*a**2 - 36*a - 6. Let k(j) = -3*j**2 - 13*j - 2. Let u(o) = -4*g(o) + 11*k(o). Suppose 2*i + 6 - 2 = 0. Determine u(i).
-4
Let q(s) be the first derivative of s**4/2 + 14*s**3/3 + 3*s**2 + 16*s - 8. Let g(f) = f**3 + 7*f**2 + 3*f + 8. Let d(u) = -13*g(u) + 6*q(u). Calculate d(-7).
13
Let v(w) be the first derivative of -w**3 + 13*w**2/2 - 7*w - 45. What is v(5)?
-17
Let s(t) be the second derivative of -t**5/20 - t**4/12 + 25*t**2/2 - 3*t - 1. Calculate s(0).
25
Let q(b) = -b**3 + 13*b**2 + 16*b + 13. Let c be q(14). Let r(z) = -c + 89 - 47 - z. Calculate r(7).
-6
Let t(n) = n**3 - 4*n**2 + 1. Suppose 3*g - g = 0. Suppose g = b - 4*b + 912. Let m be (-1)/(-5) + b/80. What is t(m)?
1
Let o = 4 + -1. Suppose 5*i - 4*i - 2 = 0. Let q(n) = 5 - i - 3 + n**2. Give q(o).
9
Suppose 0 = 75*n - 72*n - 1194. Let s(u) = -u**2 - 3 - 398*u + n*u. Give s(-4).
-19
Let t be (18/9)/(0 - -1 - -5). Let v(d) be the first derivative of -1 + 2*d**2 + d + t*d**3. Determine v(-4).
1
Let m(b) be the third derivative of b**3/6 - 29*b**2. Let x(c) = 6*c + 2. Let s(q) = 3*m(q) - x(q). Determine s(-1).
7
Let r = -522 + 523. Let s(a) = -6*a - 3. Let j(k) = -3*k + 5. Let m(w) = 4*w - 6. Let p(b) = -5*j(b) - 4*m(b). Let u(f) = 2*p(f) - s(f). What is u(r)?
5
Let j(n) be the second derivative of -n**5/20 - 7*n**4/12 - 7*n**3/6 - 7*n**2/2 - 17*n. Let d = -52 - -46. Calculate j(d).
-1
Let m(n) be the second derivative of 1/24*n**4 + 0*n**2 + 0 + 1/120*n**5 - n - 1/3*n**3. Let a(b) be the second derivative of m(b). What is a(-3)?
-2
Let n(d) = d**3 + 5*d**2 - 3. Let z = -17 - -21. Suppose -2*q - z*q = 30. What is n(q)?
-3
Let n(i) = 2 - 11*i - 1 - 8 - 5. Let u be n(-6). Let x(c) = u + c - 54. Give x(-3).
-3
Let a(n) = -n - 4. Suppose -q - 2 = -1, 3*u = 5*q + 41. Suppose -2*v = -10 - u. Suppose v*b - 6*b = -30. Calculate a(b).
2
Let c(p) be the first derivative of p**3/3 - 3*p**2/2 + p + 387. Calculate c(2).
-1
Let r(b) be the second derivative of b**3/6 + 132*b. Suppose -3*q - 49 = -8*q + 3*c, 4*q + 5*c = 17. Give r(q).
8
Suppose r + 2*r = -189. Let w = 70 + r. Let f(h) = -h**3 + 8*h**2 - 9*h - 3. What is f(w)?
-17
Suppose -3*l + 12 = 5*g, 12 = 2*g + 2*l + 8. Let j(b) = b**3 - 2*b**2 + 3*b + 4. Give j(g).
22
Let l = -2 - -3. Let q(k) be the third derivative of 0*k**3 + 0*k + 1/24*k**4 + 0 - 9*k**2 - 1/15*k**6 - 1/30*k**5. Give q(l).
-9
Let w(q) = q**2 + 11*q + 12. Let v(c) = c**2 - 17*c + 42. Let r be v(13). What is w(r)?
2
Let t(a) = -2*a + 1. Let u = 1270 + -1272. What is t(u)?
5
Let b(n) = n**3 - n - 3. Suppose -5*x = -0*p + 2*p - 115, 0 = 4*p - 4*x - 244. Suppose 7*d + p = 221. Suppose -5*s = d + 2, -5*z + 25 = -5*s. Give b(z).
-3
Let g(k) = -1. Let y(r) = -r + 5. Let v(b) = 3*g(b) + y(b). Let m be v(-2). Let j(h) be the first derivative of h**3/3 - 2*h**2 + h - 48. Give j(m).
1
Let l(o) = -8*o**2 - 2*o + 2. Suppose -5*i = -4*b - 14, 6 = 3*i + i + 2*b. What is l(i)?
-34
Let q(r) be the first derivative of r**3/3 - r**2 - 12*r + 50. Let p be q(5). Let k(y) = -y**2. Give k(p).
-9
Let n(j) be the first derivative of j**2/2 + 9*j + 1. Suppose -31*q + 42*q = -44. Give n(q).
5
Let a(g) = 2 - 9 - g - 3. Let u be 3*4 + -1 + -2. Let c = u + -15. What is a(c)?
-4
Let j(i) = 5*i + 9. Let r = 45 + -49. Let n(d) = 3*d + 5. Let o(w) = r*j(w) + 7*n(w). Calculate o(5).
4
Let p(a) = a**2 + a - 1. Let l(d) = d**3 + 12*d**2 - 3*d + 16. Let o be l(-12). Let k = o + -55. Give p(k).
5
Let l(k) = -2*k**3 - 331*k + 330*k + 4*k**3 + 6 + 5*k**2. Determine l(-3).
0
Let n(h) = -3*h**2 + 7*h - 4. Suppose 9*i - 113 - 4 = 0. Suppose 8 = -i*j + 15*j. Determine n(j).
-24
Let a(m) be the second derivative of -m**6/360 + m**5/24 + 4*m**3/3 + 16*m. Let p(y) be the second derivative of a(y). What is p(5)?
0
Let j be 3/54 - 4550/900. Let x(t) = t**2 - 2*t - 17. What is x(j)?
18
Let i = 60 - 51. Let b(t) = t - 11. Give b(i).
-2
Let l(f) = f**2 + 1. Let n(k) = k**3 + 4*k**2 + k + 6. Let i(c) = -4*l(c) + n(c). Determine i(0).
2
Let c(n) = -n. Suppose -4*k + 116 = -o + 2*o, 86 = 3*k + o. Let f be (5/(-2))/((-5)/k). Suppose r + f = -2*r. Calculate c(r).
5
Let t be 4/2*(3 - 1). Suppose 4*d - 7 = -3*o - 2, -t*o = 2*d. Let i(g) = -12*g**3 + 2*g**2 - 1. What is i(o)?
13
Let b(j) be the second derivative of j**5/20 - 4*j**4/3 - 19*j**3/6 + 12*j**2 + 81*j. Calculate b(17).
-10
Suppose 0*w - 3*w = -s + 7, 0 = 3*s - w - 13. Let r(k) = -3*k + 4 - 5 - 5 + s. Give r(-2).
4
Let p(z) = -z**3 + 12*z**2 - 9*z - 8. Suppose -53 + 284 = 21*x. Calculate p(x).
14
Suppose -3*n + 2*v = -2*v - 26, -4*n + 2*v = -18. Let t(q) = 5 + 4*q - 3 - q**n + 5. Suppose x + g + 13 = 4*x, x - 2*g + 4 = 0. Give t(x).
-5
Let x(b) = b**2 + 3*b - 2. Suppose 6*d - 3*d = 33. Suppose 2*s - 37 = -d. Let r = s + -15. What is x(r)?
-4
Let f(j) = 2*j - 2. Suppose 5 - 3 = 2*v, 5*d = -5*v + 40. Determine f(d).
12
Let m(r) = -r**2 + 0 + 0 + 2*r. Let p(d) = -4*d + 59. Let h be (-21)/((-25)/(-10) - 2*2). Let o be p(h). Give m(o).
-3
Let c(x) = -6*x + 11*x - 4 - 2 - 4*x. Let a(p) = -2*p - 26. Let w be a(-17). Determine c(w).
2
Let j(w) = w**3 + 3*w**2 - 2*w + 1. Let o be j(-4). Let b = -121 - -121. Let k(p) = 45*p - 51*p + b - p**2 + 9. What is k(o)?
2
Let y(j) = 2*j - 6. Let c = -85 + 77. Give y(c).
-22
Let d(o) be the third derivative of -o**5/20 + o**4/24 + o**3/2 + o**2 + 101. Calculate d(-4).
-49
Let z(r) = -7*r - 1. Let f be z(-1). Suppose 2*a = -2*o + 2, -3*o - a + 1 - f = 0. Let u be (1 - o) + -2 - 6. Let t(p) = p**3 + 3*p**2 - 4*p - 2. Give t(u).
-2
Let i(w) = w - 3. Let c = 122 + -125. Determine i(c).
-6
Let h(u) be the first derivative of u**3/3 + 3*u**2 + 2*u - 35. Give h(-5).
-3
Let w = -87 - -89. Let f(r) = 8*r - 5*r - 6*r**2 - 7*r + 5*r**w. What is f(-4)?
0
Let p(s) = 2*s**2 + 0*s**3 - 2 + 0 + 2*s - 4*s**3 + 3*s**3. Let k be 2*(-2 + 1)/((-2)/2). What is p(k)?
2
Let g(q) = 52*q**2 + q**3 - 103*q**2 + 57*q**2. Determine g(-4).
32
Let d(t) = -t + 3. Let v be (-1)/(-6) + 106/12. Suppose -3*l + v = 3. Determine d(l).
1
Let f(l) be the third derivative of l**5/60 + l**4/24 + l**3/3 + 32*l**2 + 2*l. Give f(2).
8
Let m(d) be the first derivative of d**4/4 + 5*d**3/3 - d**2 - 6*d - 1. Let b(s) = -s**3 + 4*s**2 + 12*s - 5. Let g be b(6). What is m(g)?
4
Let k(o) = o**3 + 6*o**2 + 4*o - 3. Suppose -5*f = -0*f - 10. Suppose f*q + 20 = -2*q. Give k(q).
2
Let t(f) = f**3 + 9*f**2 - 9*f + 8. Suppose -31*w - 150 = -16*w. Determine t(w).
-2
Let x be 2 + -1 + 0 - -6. Let s(m) = -2*m + 0*m + 11*m + 0 - m**2 - 10. Calculate s(x).
4
Let o be -7*((-54)/56 - 3/(-12)). Let z(n) = -3*n + 8. Give z(o).
-7
Let i(x) = 0*x - 6 + x + 0*x. Let o(y) = y**3 - y**2 - 2*y + 3. Suppose -d + 2 = -0*d. Let p be o(d). Determine i(p).
-3
Suppose -2 = -4*z + 5*z, -4*z = 2*a + 14. Let t(u) = 13*u**2 + 13*u + 201. Let n(b) = -7*b**2 - 7*b - 110. Let w(o) = -11*n(o) - 6*t(o). What is w(a)?
-2
Let w(p) = -p**2 + 5*p - 7. Suppose 5*l = 4*l + 37. Suppose -5*y + l = -3*a, y + a + 3 = -a. Calculate w(y).
-7
Let s(f) = 3*f. Let z(a) be the third derivative of -a**6/120 - 7*a**5/60 - a**4/6 + 7*a**3/3 - 4*a**2. Let t be z(-6). Calculate s(t).
6
Let u(d) be the first derivative of -d**5/120 + 5*d**4/24 - d**3/3 + 7. Let c(l) be the third derivative of u(l). Give c(6).
-1
Suppose q + 28 = 5*q. Let g(x) = q*x + x + 9 - 3*x - 4*x. Determine g(-7).
2
Let o = -5 + 11. Suppose -5*s = -7 - 3. Let y(a) = a**3 - 5*a**2 + 5 + 0*a + 0 - s*a - 4*a. Determine y(o).
5
Let o(f) = 2*f**2 + 21*f - 9. Let d be o(-11). Suppose 5*l = -3*c - c + 8, -d*l = 0. Let j(m) = -m**2 + 